mmon factor of 221 and 411128731?
221
Calculate the highest common divisor of 450 and 5112270.
90
What is the highest common factor of 1483270 and 3450?
230
What is the highest common factor of 264 and 11215160?
88
Calculate the greatest common factor of 418 and 51488822.
418
Calculate the highest common divisor of 39717162 and 73602.
2538
What is the greatest common divisor of 1832456 and 415680?
3464
What is the highest common divisor of 132 and 61277084?
44
What is the greatest common factor of 74516472 and 45?
9
Calculate the greatest common factor of 11884098 and 8326.
362
Calculate the highest common divisor of 2 and 57498426.
2
Calculate the greatest common divisor of 2873 and 172762109.
2873
Calculate the greatest common divisor of 1988341066 and 1678.
1678
What is the greatest common divisor of 3294 and 796904?
122
What is the greatest common factor of 1165 and 38380925?
1165
What is the greatest common divisor of 10274209 and 781?
11
Calculate the greatest common factor of 160710 and 19326595.
2435
What is the greatest common divisor of 36385963 and 136291?
1867
Calculate the greatest common divisor of 7678 and 5324440.
22
What is the highest common factor of 1300 and 6675864?
52
Calculate the greatest common divisor of 117744 and 20256.
48
Calculate the greatest common factor of 681864 and 412.
4
Calculate the highest common factor of 1156 and 22258202.
578
Calculate the highest common divisor of 9332554 and 9658.
22
What is the highest common divisor of 52094 and 224?
14
What is the greatest common factor of 1197 and 323579424?
399
What is the highest common factor of 152510 and 3443090?
1010
Calculate the greatest common factor of 15 and 20459085.
15
What is the highest common divisor of 17550 and 36514530?
3510
What is the highest common factor of 6336859 and 7415?
1483
Calculate the greatest common divisor of 22100 and 13033900.
1700
Calculate the greatest common factor of 1265849 and 5629.
13
Calculate the greatest common divisor of 1275183 and 1387633.
2249
Calculate the highest common factor of 4560730 and 69870.
1370
Calculate the highest common factor of 37076799 and 786.
393
What is the greatest common divisor of 119734009 and 628?
157
Calculate the greatest common divisor of 4200 and 23013400.
200
Calculate the highest common factor of 459 and 6746949.
27
What is the greatest common divisor of 1869 and 278768559?
267
What is the greatest common factor of 14 and 30372118?
14
Calculate the highest common factor of 6940128 and 16185.
3237
What is the greatest common divisor of 6746 and 19622?
2
Calculate the greatest common divisor of 2417052 and 396.
132
Calculate the highest common factor of 1185 and 4075.
5
What is the highest common factor of 2575 and 2018491?
103
Calculate the greatest common divisor of 44 and 49197610.
22
What is the greatest common factor of 117 and 5229055?
13
Calculate the highest common divisor of 2785 and 252560510.
2785
Calculate the greatest common factor of 74599360 and 1600.
320
Calculate the greatest common divisor of 205 and 64673851.
41
Calculate the greatest common factor of 23247 and 214102.
287
Calculate the greatest common divisor of 6102268 and 88274.
874
Calculate the highest common factor of 36050771 and 76.
19
What is the greatest common divisor of 479748 and 3972?
12
What is the greatest common divisor of 38217401 and 267?
89
Calculate the greatest common factor of 27160 and 7623000.
280
What is the highest common divisor of 172620 and 548548?
3836
Calculate the highest common factor of 204 and 869142.
102
What is the highest common factor of 15591376 and 9968?
1424
Calculate the greatest common factor of 1184490956 and 132.
44
What is the highest common factor of 53351 and 34441?
31
Calculate the highest common divisor of 14865 and 3135.
15
Calculate the greatest common divisor of 7163343 and 92026.
979
Calculate the greatest common divisor of 94998 and 1109730.
426
What is the highest common divisor of 38479 and 3628737?
1673
What is the highest common factor of 343626276 and 84?
84
What is the highest common divisor of 26703 and 1002915?
621
What is the highest common factor of 207920 and 828?
92
What is the highest common factor of 76 and 10449753?
19
Calculate the greatest common divisor of 33008 and 152232.
8
What is the greatest common factor of 42400 and 808000?
800
What is the highest common divisor of 72 and 10824966?
18
Calculate the greatest common divisor of 4625 and 2555500.
125
Calculate the highest common factor of 3255616 and 1008.
112
What is the greatest common divisor of 5199279 and 1387?
73
Calculate the greatest common divisor of 31083 and 166413.
39
Calculate the highest common factor of 11562 and 1399425.
141
What is the greatest common divisor of 764332 and 2318?
38
Calculate the highest common divisor of 150838228 and 1927.
47
What is the greatest common divisor of 82 and 11025392?
82
What is the highest common factor of 15465575 and 426?
71
Calculate the highest common factor of 1295974930 and 20.
10
What is the highest common factor of 11518 and 8036463?
443
What is the highest common factor of 311102 and 3634?
158
What is the highest common divisor of 25022818 and 688?
86
What is the highest common divisor of 1530 and 328834230?
510
What is the highest common divisor of 7168 and 2330496?
896
Calculate the highest common divisor of 30 and 1175325.
15
What is the greatest common factor of 126 and 1959986?
14
Calculate the highest common divisor of 140049 and 238469.
133
What is the greatest common divisor of 387 and 6537303?
9
Calculate the greatest common factor of 343887814 and 94.
94
Calculate the greatest common factor of 31075 and 57587625.
2825
What is the greatest common factor of 1396742 and 8?
2
What is the greatest common factor of 5085624 and 13540?
2708
What is the highest common divisor of 1422 and 251970579?
711
What is the greatest common divisor of 185571 and 14543268?
6873
What is the highest common factor of 223091257 and 1696?
53
What is the greatest common divisor of 489975 and 12093?
417
What is the highest common factor of 477894 and 6371?
23
What is the highest common divisor of 124 and 5596?
4
What is the greatest common factor of 2400 and 35771350?
50
Calculate the highest common divisor of 3528271212 and 2676.
2676
Calculate the highest common divisor of 41971 and 2575694.
2209
Calculate the greatest common divisor of 2424 and 126215256.
2424
Calculate the greatest common factor of 486 and 3416175.
81
What is the greatest common divisor of 79194 and 32111?
197
Calculate the highest common divisor of 60 and 2452710.
30
What is the highest common factor of 175 and 15546790?
35
What is the highest common factor of 118560 and 422082720?
9120
What is the highest common divisor of 3153 and 8079?
3
What is the greatest common factor of 392615485 and 18640?
1165
Calculate the greatest common divisor of 445284 and 15732.
684
Calculate the greatest common factor of 44334 and 337167.
9
What is the greatest common divisor of 119485139 and 47?
47
What is the highest common factor of 2633 and 65701249?
2633
What is the highest common divisor of 36 and 589867536?
12
What is the highest common divisor of 27 and 115600554?
27
What is the highest common factor of 18271 and 2299?
121
Calculate the highest common factor of 550 and 138512.
22
What is the greatest common factor of 25948 and 53560?
52
What is the highest common divisor of 61399950 and 60?
30
Calculate the greatest common divisor of 303987403 and 1387.
1387
Calculate the greatest common divisor of 594 and 365526.
54
What is the highest common divisor of 97935840 and 160?
160
What is the highest common factor of 215004 and 2401752?
5244
Calculate the greatest common divisor of 308 and 6575954.
154
Calculate the highest common factor of 5654 and 24277.
11
Calculate the greatest common divisor of 572271 and 777189.
2499
Calculate the highest common factor of 43287216 and 336.
336
Calculate the greatest common divisor of 1323 and 287577.
27
Calculate the highest common factor of 66424395 and 705.
705
What is the highest common factor of 657811 and 385?
77
Calculate the greatest common divisor of 10016255 and 62.
31
Calculate the highest common factor of 670310 and 2720.
170
What is the